 and 4212?
324
Calculate the greatest common divisor of 8463 and 1417.
13
Calculate the greatest common factor of 3390128 and 56.
56
Calculate the highest common factor of 365 and 785.
5
Calculate the highest common factor of 3551 and 149301.
53
Calculate the greatest common divisor of 3263 and 15562.
251
What is the highest common factor of 169724 and 1812?
604
Calculate the highest common factor of 1105 and 9620.
65
Calculate the highest common divisor of 552804 and 42.
42
Calculate the highest common factor of 121353 and 475.
19
What is the highest common factor of 6308 and 1328?
332
What is the greatest common factor of 1725 and 4350?
75
What is the greatest common factor of 28 and 18319?
7
Calculate the highest common divisor of 471 and 54.
3
What is the highest common divisor of 2463 and 102625?
821
What is the highest common factor of 303 and 288759?
303
What is the highest common factor of 60008 and 156?
52
What is the greatest common factor of 14 and 873278?
14
What is the greatest common factor of 369 and 38007?
369
What is the highest common factor of 48 and 24944?
16
What is the greatest common divisor of 10693 and 61846?
289
What is the greatest common divisor of 28536 and 4592?
328
What is the greatest common divisor of 954 and 78758?
106
Calculate the highest common divisor of 15650 and 75746.
626
Calculate the highest common divisor of 87 and 68469.
87
What is the highest common divisor of 14638 and 364?
26
Calculate the highest common divisor of 1848 and 2184.
168
Calculate the highest common factor of 117 and 64909.
13
What is the highest common divisor of 78752 and 115?
23
Calculate the highest common factor of 854 and 53088.
14
What is the highest common factor of 1920 and 66360?
120
Calculate the greatest common factor of 1610600 and 200.
200
What is the greatest common divisor of 123410 and 210?
70
Calculate the greatest common divisor of 2040 and 111060.
60
Calculate the greatest common divisor of 1502 and 6.
2
What is the highest common divisor of 347 and 157?
1
What is the highest common factor of 147 and 12?
3
Calculate the highest common divisor of 2890 and 3792258.
578
What is the greatest common divisor of 5712 and 8347?
17
What is the highest common factor of 220455 and 5?
5
Calculate the greatest common divisor of 16928992 and 73.
73
What is the greatest common divisor of 123 and 1394?
41
What is the greatest common divisor of 45 and 2547?
9
What is the greatest common factor of 65 and 202956?
13
What is the greatest common divisor of 39 and 314256?
3
What is the greatest common divisor of 728 and 572572?
364
Calculate the highest common factor of 94488 and 93.
93
What is the highest common factor of 9799 and 123?
41
What is the greatest common divisor of 2709 and 14070?
21
What is the greatest common factor of 49965 and 60?
15
What is the greatest common factor of 21 and 153?
3
What is the highest common divisor of 210 and 518790?
30
Calculate the greatest common divisor of 20848 and 32.
16
Calculate the greatest common factor of 544346 and 352.
22
What is the greatest common divisor of 113 and 64?
1
Calculate the greatest common factor of 1162953 and 132.
33
Calculate the highest common divisor of 405 and 28269.
81
Calculate the greatest common factor of 30779 and 28.
7
Calculate the highest common divisor of 7216 and 8569.
451
Calculate the greatest common divisor of 203352 and 12.
12
Calculate the greatest common factor of 410 and 78460.
10
Calculate the highest common divisor of 24577 and 91.
7
Calculate the highest common factor of 1798064 and 545.
109
What is the highest common factor of 920 and 68?
4
Calculate the highest common factor of 7362828 and 33.
33
What is the highest common divisor of 210 and 80535?
105
Calculate the highest common factor of 22576 and 64.
16
Calculate the highest common factor of 23500 and 188.
188
What is the greatest common factor of 618458 and 6112?
382
What is the highest common divisor of 170 and 840?
10
What is the highest common divisor of 1437 and 52211?
479
Calculate the greatest common divisor of 240 and 16944.
48
What is the highest common divisor of 69094 and 386?
386
What is the highest common divisor of 876 and 116946?
438
Calculate the highest common factor of 13 and 490750.
13
Calculate the greatest common factor of 1926 and 1177.
107
What is the greatest common factor of 3382743 and 105?
21
Calculate the highest common factor of 342 and 545319.
171
Calculate the highest common divisor of 771400 and 377.
29
Calculate the highest common factor of 46 and 139633.
23
Calculate the highest common factor of 3762 and 2750.
22
Calculate the highest common divisor of 397793 and 129.
43
What is the highest common divisor of 375364 and 506?
22
What is the greatest common divisor of 106 and 6068076?
106
What is the highest common factor of 13695 and 124168?
913
Calculate the greatest common factor of 286 and 319.
11
What is the greatest common factor of 42 and 58926?
42
What is the highest common factor of 14 and 886928?
14
What is the highest common factor of 7524 and 90?
18
What is the highest common factor of 14095 and 30?
5
Calculate the greatest common divisor of 39 and 193167.
39
Calculate the highest common factor of 81770 and 234.
26
What is the greatest common divisor of 60 and 14372?
4
Calculate the highest common divisor of 254338 and 259.
259
Calculate the highest common divisor of 2645 and 58420.
115
What is the greatest common divisor of 10 and 133830?
10
Calculate the highest common divisor of 22086 and 21.
3
What is the highest common factor of 2382 and 1785706?
794
Calculate the greatest common divisor of 20944 and 231.
77
Calculate the greatest common divisor of 3353 and 196869.
479
Calculate the highest common factor of 5 and 1779.
1
Calculate the highest common divisor of 1742 and 702.
26
What is the highest common factor of 20 and 688490?
10
What is the highest common factor of 109984 and 1148?
28
What is the greatest common divisor of 126 and 7716?
6
Calculate the greatest common divisor of 513 and 72.
9
Calculate the greatest common factor of 351330 and 2254.
98
Calculate the highest common divisor of 235 and 149131.
47
What is the greatest common factor of 136416 and 72?
24
What is the highest common factor of 300984 and 3?
3
Calculate the greatest common divisor of 21632 and 1856.
64
What is the highest common divisor of 199661 and 1540?
77
What is the greatest common factor of 18680 and 5137?
467
Calculate the highest common factor of 810 and 413505.
405
What is the greatest common factor of 4988 and 66865?
43
Calculate the highest common factor of 2875 and 60975.
25
What is the greatest common divisor of 17685 and 1044594?
1179
Calculate the highest common factor of 392 and 776.
8
Calculate the greatest common divisor of 6444 and 264.
12
Calculate the greatest common divisor of 932 and 2172958.
466
What is the greatest common divisor of 5565 and 462?
21
What is the greatest common divisor of 2360 and 230?
10
What is the greatest common divisor of 72 and 1172?
4
Calculate the highest common factor of 32 and 2440512.
32
What is the highest common factor of 562786 and 659?
659
What is the greatest common divisor of 36290 and 10314?
382
What is the highest common divisor of 37053 and 345?
69
What is the highest common divisor of 200 and 111025?
25
Calculate the highest common factor of 194848 and 736.
32
Calculate the greatest common factor of 303252 and 444.
444
Calculate the highest common divisor of 288681 and 451.
41
Calculate the greatest common divisor of 238 and 3395.
7
What is the greatest common factor of 1275869 and 5068?
1267
What is the highest common divisor of 1532 and 73153?
383
What is the highest common divisor of 51781 and 1060?
53
What is the greatest common factor of 410631 and 117?
39
What is the highest common factor of 753645 and 3525?
705
Calculate the highest common factor of 1540 and 18106.
22
Calculate the greatest common divisor of 86330 and 187210.
970
What is the greatest common divisor of 12112 and 2048?
16
Calculate the greatest common factor of 27348 and 69324.
636
What is the highest common divisor of 322 and 134872?
46
Calculate the highest common divisor of 3088 and 666236.
772
What is the highest common factor 